valuate -1 + 1 - (11 + -18 + -4).
11
0 + (-3 - 15 - (8 - 15)) - -1
-10
What is the value of 16 + -8 + -9 + (-3 - -9) + 14?
19
Evaluate -17 + 0 + -3 + (-161 - -154).
-27
Calculate -7 - -3 - (-4 - -12) - (3 - 0).
-15
Calculate (-174 - -166) + -1 + -4 - (4 + 0).
-17
Evaluate (2 - 11) + 17 + 14 + -5.
17
Calculate (-2 - (8 - 24)) + 0 + 7 + 2.
23
Evaluate 9 + 2 + -33 + -1.
-23
What is the value of -2 - -2 - -2 - (-32 + (20 - 0))?
14
Evaluate (-8 + 6 - -15) + (0 - 7 - -2).
8
What is the value of 7 + 0 - (9 - 6 - -2)?
2
Calculate 5 - (-20 + 28 + (-4 - -7) + -21).
15
What is the value of -8 - ((-3 + -5 - -4) + -11)?
7
Calculate -10 - (28 + (-51 - -31)).
-18
Calculate -3 + (1 - 3) + 6 + -12.
-11
Calculate (-12 + 9 + 3 + -10 - -7) + -7.
-10
What is the value of (0 - 14) + (-941 - -963)?
8
What is the value of (-1 - -5) + 2 + -1 + -1 + -1?
3
Calculate 11 + -5 - ((1 - 17) + 7 + 2).
13
What is the value of 5 + -3 - (-8 + 28 + 3 - 7)?
-14
Calculate 20 - (-60 + 57) - (7 + (-2 - 0)).
18
What is the value of -43 + 40 - (6 - -1) - -1?
-9
Calculate 5 - (5 + 1 - -2) - (-55 - -45).
7
Calculate 1 + 0 + (4 - 8) + -5.
-8
Calculate -15 + ((-10 - (-1 + -6)) + 10 - 5).
-13
Evaluate -4 + 14 - (-24 - (-7 - -3)).
30
What is (-33 - 10) + 49 - (0 + 27)?
-21
What is 2 - (7 + -2 + (13 - 2) + 0)?
-14
Calculate (-281 - -296) + (1 + -2 - -16).
30
Calculate -3 + 8 + 28 + -17 + (2 - -5).
23
What is (62 - 87) + (-5 - -6)?
-24
Calculate (3 - 13) + 17 + -1 + 2.
8
What is the value of -4 - (-3 + (0 - -3 - -8))?
-12
Calculate (-1243 - -1176) + (-2 - -36).
-33
(-34 - -48) + 3 + -2
15
Calculate -2 - ((7 - 1 - 9) + 9).
-8
Calculate 11 - (5 + -17 - (0 - 16)).
7
Evaluate (-11 - 0) + (-13 + 0 - -16).
-8
Calculate (115 - 107) + 0 + 2.
10
Calculate -53 + 40 - (1 + -2 - (0 - -3)).
-9
What is -7 - (-1 + 10 - 11)?
-5
What is (-30 + 39 - 5) + -1 + 13?
16
What is the value of 1 + 1 + (8 - (2 - 11))?
19
What is the value of (32 - (-9 + 55)) + (2 - (1 + 10))?
-23
What is -18 + 1 + (-74 - -78)?
-13
Calculate 222 - 227 - (8 + -2 + -1).
-10
What is (-1 - (-2 + 2 - 0)) + (2280 - 2304)?
-25
-18 + 5 + -4 + 8 + 4 + -21
-26
(9 - 16) + -4 + (14 - 0) - -3
6
Calculate -9 + 21 - 25 - -13.
0
What is the value of 39 - -1 - (-72 - -91)?
21
What is the value of (3 - (3 + -1)) + (49 - 50)?
0
What is 8 - ((9 + 2 - 4) + -5 + -15)?
21
Evaluate (-4 - -2) + (5 - 7 - 7).
-11
39 - 34 - (-1 + 1) - (8 - 4)
1
Calculate 661 - 656 - (-2 - 3).
10
What is (6 - 6) + (24 + -28 - (0 - 3))?
-1
What is (27 + -18 - 17 - (2 + -23)) + -9?
4
What is the value of 3 - -7 - (89 - 93)?
14
What is 0 + (-21 - 2 - (-13 + 20 - 13))?
-17
Calculate (-1 + 9 - 5) + -9 + 1.
-5
What is the value of (-13 - 6) + (3 - 0) + 6 + 7?
-3
What is 83 + -40 + 0 + -5?
38
What is (-10 - (6 - 10)) + -8 - (-2 - 0)?
-12
What is the value of (17 - (4 + -5)) + 84 + -95?
7
-6 + ((-3 - 10) + 22 - 9)
-6
What is -281 + 304 + 0 + -41?
-18
What is the value of (-19 - -40) + -29 - (14 - 2)?
-20
What is the value of (-117 - -123) + 5 + 1?
12
Calculate 1 + -22 - (-6 + (3 + 7 - 9)).
-16
7 + 1 + 6 + (-4 - 4 - -4)
10
What is (2 - (5 - 4)) + 3 - (6 - 11)?
9
What is the value of -47 + (55 - 19) - (-34 + 1)?
22
2 + 0 + (5 + 1 - 15)
-7
What is 12 - (-7 - -15 - 9)?
13
Calculate (-28 - 0) + (178 - 163) - -9.
-4
-3 + 4 + -5 + (0 - 5)
-9
What is -17 - (-9 - (-3 + 24))?
13
What is the value of (342 - 336) + (2 - (-2 - -16))?
-6
What is the value of -8 + (13 - 29) - -12?
-12
Evaluate 3 + -16 - (130 + -132).
-11
Calculate 5 - ((15 - (18 + -10)) + 6) - 16.
-24
Calculate -11 + 4 - (5 - 1 - 1) - 20.
-30
(2 - (31 - 7)) + 13 + 6
-3
Evaluate -11 + -5 + (16 - (20 - 10)).
-10
Calculate (2 - (-2 - -13)) + (35 - (-10 + 15)).
21
Calculate 2 + 19 + -7 - -7.
21
Evaluate -4 + (22 + -17 - -25) + -18.
8
7 - ((-13 - (-14 - 6)) + -3 + 0)
3
Evaluate 1 + -1 + -2 - ((18 - -1) + -15).
-6
What is the value of (0 - (-22 - 2)) + (25 - (29 - 3))?
23
Evaluate -8 + 5 + 2 + -4 + 3.
-2
Calculate -2 + -15 + (21 - 7) + (-3 - 4).
-10
What is (508 - 538) + -1 + 13?
-18
What is (5 - 3) + -1 + 3 - (37 - 49)?
16
(9 - 10 - -6) + (-20 - -9 - -6)
0
22 - (23 + -7) - -13
19
(-21 - 7 - -9) + 5
-14
Evaluate (0 - -46) + 150 + -188.
8
-24 + (-7 - -12 - 6 - -3)
-22
Calculate -7 + 13 + (-4 - -2) - -9.
13
5 + -10 + -13 + 25
7
(6 - (-17 + 9 + 3)) + -6
5
Evaluate -30 - 8 - (-17 - 6).
-15
What is -404 + 401 + 21 + -1?
17
Evaluate 9 + (14 + -10 - -3).
16
What is (2 - (3 - -4)) + 3 + 92 + -83?
7
What is (-37 - -44) + -2 + 1 + -5 + -1?
0
Evaluate 10 + (3 - (4 + 12)) + 19.
16
What is -17 + 45 + -27 + -10?
-9
What is the value of -8 + (-5 + (19 - -5) - 8) - 6?
-3
Evaluate (105 + -52 - (-3 - -18)) + -8.
30
What is 2 + -7 - (18 + -42 + 33)?
-14
What is the value of (-44 + 67 - 39) + (0 - -3)?
-13
Calculate (-91 - -80) + (7 - 3 - 14).
-21
-27 + 35 + -41 - -56
23
What is -16 + 7 - (4 - (-1 + 27))?
13
Evaluate -3 + (5 - 6) + 15 + -8 + 9.
12
What is (-7 - -1) + 6 - 3?
-3
What is the value of 10 + (-32 - (2 - 3) - (-25 + 36))?
-32
What is 1 - -1 - (-12 + (28 - 23))?
9
What is the value of (-40 - -35) + (5 + -6 - 1)?
-7
Evaluate 28 - 42 - (-9 - 1).
-4
What is the value of (-16 - -21) + -15 + 16?
6
Calculate -6 + 3 + 5 + -7 + 4 - -13.
12
What is the value of (21 - 5) + -7 - 10?
-1
What is the value of 5 + 6 + (-5 + -3 - -4)?
7
What is 8 + -3 + 10 + -13 - (-1 + 2)?
1
Evaluate 1 + (4 - 2) - (-33 - (64 - 138)).
-38
Evaluate 2 + -11 + 5 + (1 - 0) + -5.
-8
Calculate (23 - 23 - (2 - -2)) + (4 - 9).
-9
Evaluate -38 + 29 - -7 - (8 - 2).
-8
What is the value of 2441 - 2421 - (1 - 1 - -2)?
18
Calculate -7 + 19 + -7 - (-50 - -9) - 9.
37
What is the value of -33 + 38 + -29 - -28?
4
What is the value of (-1 - 1) + (-4 - (-11 + -9 + 11))?
3
Evaluate -1 - (13 + -8 + 4) - (-5 - 14).
9
Calculate 2 + (31 - (8 + (9 - 16))) + -6.
26
(36 - (63 + -38)) + (2 - -5)
18
Evaluate -1 + (-18 - (-21 - 7)).
9
What is (-2 - -1) + 3 + (5 - 12) + -1?
-6
4 - 9 - (25 - 19)
-11
-2 + 1 - 9 - ((12 - 73) + 53)
-2
371 + -362 - (19 - -1)
-11
-923 + 930 - (3 - (1 - (-3 - -2)))
6
What is (-10 - (8 + -21)) + 7 + -16 + 13?
7
Evaluate (6 - (-1 - -17)) + 15.
5
Evaluate (3 - 3) + (-36 - -35).
-1
What is 30 - (-31 + 7 - -8 - -17)?
29
Calculate (0 - 15) + (26 - (-21 + 56)) + 4.
-20
What is (-22 - -49) + (-8 - (-3 + 3 + -1))?
20
35 - (21 + 11) - -2
5
(3 - -4) + 4 + 3 + (-5 - -2)
11
Calculate -8 - (-26 + (-9 - -27)).
0
Evaluate -2 + (-27 - -37) - (-5 + -20).
33
What is 0 + -4 - (-3 + -20 - -5 - -9)?
5
What is the value of 26 - (-25 - -13 - -61)?
-23
What is -5 + 87 + -90 + (-1 - (0 - -7))?
-16
What is 15 - (-3 - -10 - (21 + -5) - -8)?
16
Calculate -46 + 35 - (-4 + -2).
-5
Evaluate (45 - 0 - (-30 + 42)) + -11.
22
What is -6 - (-2 + -31 + -4 + -3 + -3)?
37
(-2 + 15 - (7 - 1) - 0) + 9
16
Evaluate (-9 - 0) + 7 + -13 + 7 - -8.
0
Calculate 35 - (15 - -8) - 5.
7
What is the value of (-25 - -13) + (11 - 0)?
-1
Calculate 30 + -32 + 17 + -13.
2
What is -5 - (-11 + (-2 + 6 - -2)) - -4?
4
What is 0 + (-6 - (2 + -1 - 13)) + -5?
1
(645 + -638 - (-4 - 0)) + (-29 - 1)
-19
What is 24 + (-54 - -29) - -21?
20
What is the value of (-10 - 31) + 7 - (3 + -5 - 7)?
-25
12 - -15 - 52 - 0
-25
What is the value of 4 + -20 - (60 + -72)?
-4
What is -3 + 10 + (2 + -6 - -8)?
11
What is -1 + -7 + (-157 - -155) + 24?
14
Calculate -38 + 41 + -17 + (2 - -16).
4
Evaluate -1247 - -1214 - (-28 + 1).
-6
What is the value of (-4 - -7) + 5 + (-16 - -12)?
4
Calculate 26 + (13 + (8 - 12) - 13).
22
Calculate -1 + (1 - 3) + 133 + -127 - -1.
4
-2 + -5 + 3 + (6 - -5) + -7
0
Calculate 58 - 65 - (0 - (2 - -13)) - 8.
0
(18 - 6 - 24) + (2 - -11)
1
What is the value of 3 - (-4 - 3 - (-4 - -2))?
8
Evaluate (-20 - 3) + (1 - 9) + 18 + -22.
-35
Calculate 1 + 2 + 0 + -9.
-6
Calculate -9 - (-5 - 7 - 6).
9
Evaluate -45 + 24 - (2 - 15).
-8
What is the value of -1 - -3 - (-45 + 43 + -17)?
21
Evaluate (-24 - -85) + -15 + -16.
30
-12 + (-5 - -20) + 7 + (-23 - 1)
-14
Calculate (12 + -39 - 15) + (4 + 0 - 0).
-38
What is -1 + -6 + (14 + -3 - -1)?
5
Evaluate -2 + 17 + -9 + -43.
-37
What is the value of -9 + (29 - 26) + (0 - 20)?
-26
14 - (-27 - -15) - -1
27
1 - ((-16 - -9) + -3)
11
Evaluate -6 + (7 - (7 - 7) - 14) - -6.
-7
What is the value of (-13 + 22 - (5 - 2)) + -3?
3
Calculate -11 + (68 - 78 - (2 - 8)).
-15
0 + -16 + -272 + 285 + 16
13
Evaluate -5 + ((0 + 6 - 3) + 1 -